ue
Is 852966329 prime?
False
Is 357690037 a prime number?
False
Is 53720683 composite?
True
Is 2059689 prime?
False
Is 2275891 a composite number?
True
Is 357421 a composite number?
False
Is 3464313 a prime number?
False
Is 55020977 composite?
True
Is 2502833 prime?
True
Is 5176273 a composite number?
False
Is 20312023 a prime number?
False
Is 80339449 a prime number?
True
Is 84431467 composite?
False
Is 13960019 a composite number?
True
Is 285863 prime?
False
Is 19234679 prime?
True
Is 65345159 a prime number?
False
Is 68838239 prime?
True
Is 6255269 a composite number?
True
Is 4128581 prime?
True
Is 142807207 composite?
True
Is 24931069 a composite number?
False
Is 1205609 a composite number?
False
Is 10874911 prime?
False
Is 15647371 composite?
False
Is 9778906 a prime number?
False
Is 354041603 prime?
True
Is 2802077 prime?
True
Is 81754159 prime?
True
Is 6332791 prime?
False
Is 73168607 a prime number?
True
Is 3574339 a prime number?
False
Is 1653557 composite?
False
Is 57962693 a composite number?
True
Is 58709 a prime number?
False
Is 143895623 a prime number?
False
Is 1170457 prime?
False
Is 44316113 a prime number?
False
Is 8288411 prime?
True
Is 19117817 composite?
False
Is 1325471 prime?
False
Is 13053917 a prime number?
True
Is 43690853 composite?
False
Is 1768471 a prime number?
True
Is 1067141 prime?
False
Is 5448503 composite?
False
Is 100706987 prime?
True
Is 2177627 a prime number?
True
Is 42823565 a prime number?
False
Is 34694305 composite?
True
Is 1087981 a prime number?
True
Is 1773907 prime?
True
Is 4010819 composite?
False
Is 749959 a prime number?
False
Is 9747559 a prime number?
True
Is 1453681 a composite number?
False
Is 5708719 composite?
True
Is 45723781 composite?
True
Is 1426571 a prime number?
False
Is 404633 prime?
False
Is 38617877 a composite number?
False
Is 3267997 composite?
True
Is 281572061 prime?
False
Is 61738253 a composite number?
False
Is 63851633 composite?
True
Is 23274529 prime?
False
Is 176240693 composite?
False
Is 1806234953 a composite number?
False
Is 2758771 composite?
False
Is 10754567 composite?
True
Is 65361059 composite?
False
Is 245160653 prime?
True
Is 24821431 prime?
True
Is 12968983 composite?
False
Is 43457549 a composite number?
False
Is 3699533 a prime number?
True
Is 1340513 a composite number?
True
Is 296323 composite?
True
Is 28362973 prime?
False
Is 607261661 composite?
True
Is 1041893 composite?
False
Is 26387 composite?
False
Is 7106179 composite?
False
Is 38712889 prime?
True
Is 15509327 prime?
False
Is 3699967 composite?
True
Is 593695903 a composite number?
False
Is 52370561 a composite number?
True
Is 34843813 composite?
False
Is 1786514 a composite number?
True
Is 36063437 prime?
True
Is 601322719 composite?
False
Is 27821851 prime?
True
Is 17291 prime?
True
Is 3642187 a composite number?
True
Is 103390081 a prime number?
True
Is 6623707 a prime number?
True
Is 235395893 prime?
False
Is 22406026 prime?
False
Is 10834385 composite?
True
Is 7248117 composite?
True
Is 4753171 a composite number?
True
Is 197200001 a composite number?
False
Is 11146631 prime?
True
Is 20436991 prime?
False
Is 33142297 a prime number?
True
Is 30531427 a prime number?
False
Is 1318274 a composite number?
True
Is 3066451 a composite number?
False
Is 3276409 a prime number?
True
Is 59875051 prime?
False
Is 94349093 composite?
True
Is 2457541 a prime number?
False
Is 127199257 composite?
False
Is 20199329 a composite number?
False
Is 261339355 composite?
True
Is 4694233 a prime number?
True
Is 50911193 a composite number?
False
Is 26124541 a composite number?
False
Is 13524799 prime?
True
Is 809083567 prime?
False
Is 29770889 composite?
False
Is 271698667 prime?
True
Is 5876797 composite?
False
Is 6681403 prime?
True
Is 16078129 composite?
False
Is 3929507 a prime number?
False
Is 173137 a prime number?
True
Is 1016161 composite?
True
Is 2574949 a composite number?
True
Is 20768597 a composite number?
True
Is 649333 composite?
True
Is 41079821 composite?
False
Is 8029157 prime?
True
Is 1398841 a prime number?
True
Is 688829 a prime number?
False
Is 15966917 a prime number?
False
Is 287416009 a composite number?
True
Is 39613909 composite?
False
Is 455308259 a composite number?
True
Is 39326281 a prime number?
True
Is 114672839 a composite number?
False
Is 676618 a composite number?
True
Is 1058689 prime?
False
Is 16925633 a composite number?
False
Is 4397138 composite?
True
Is 5178941 composite?
False
Is 103660589 prime?
False
Is 85653413 prime?
True
Is 6277007 composite?
True
Is 74040115 a prime number?
False
Is 722250118 a composite number?
True
Is 1580801 a prime number?
True
Is 8196523 composite?
False
Is 30937789 composite?
False
Is 110347741 a composite number?
True
Is 43933001 a prime number?
False
Is 8789773 a prime number?
True
Is 77134 composite?
True
Is 41196703 a prime number?
False
Is 24841211 prime?
False
Is 138139 prime?
True
Is 1170415 a composite number?
True
Is 219966067 a composite number?
False
Is 118660637 composite?
False
Is 65155933 a composite number?
False
Is 1863853 prime?
True
Is 30539773 a composite number?
True
Is 13702291 a composite number?
False
Is 36423281 a prime number?
False
Is 811154831 a prime number?
True
Is 110859809 composite?
True
Is 191741383 a composite number?
False
Is 117920183 a composite number?
False
Is 1428499 composite?
True
Is 13293439 prime?
False
Is 3370093 composite?
False
Is 7932103 composite?
False
Is 6683377 composite?
True
Is 59376451 prime?
True
Is 9817039 a composite number?
False
Is 46117081 a composite number?
True
Is 4186339 a prime number?
True
Is 15218405 a composite number?
True
Is 4938643 composite?
False
Is 5838983 a prime number?
False
Is 1163573 a prime number?
False
Is 57593111 a composite number?
False
Is 6898105 composite?
True
Is 34697951 a composite number?
False
Is 3255367 a composite number?
False
Is 8789579 composite?
False
Is 12879569 composite?
False
Is 28680541 a composite number?
False
Is 1467967 prime?
False
Is 3459809 prime?
False
Is 359933927 prime?
False
Is 21428501 prime?
False
Is 5924123 a prime number?
False
Is 134453897 a composite number?
False
Is 11173289 prime?
True
Is 14037879 prime?
False
Is 26206291 composite?
True
Is 5090539 prime?
True
Is 4179247 a composite number?
False
Is 168299483 a composite number?
True
Is 32624359 prime?
True
Is 154864057 composite?
False
Is 5361203 a composite number?
False
Is 187459303 a prime number?
True
Is 335706785 a prime number?
False
Is 38763338 a prime number?
False
Is 2585849 a prime number?
False
Is 773123 prime?
False
Is 268414 a composite number?
True
Is 93927481 composite?
False
Is 198106261 a composite number?
False
Is 16872631 composite?
True
Is 1088787293 prime?
False
Is 7202213 a prime number?
False
Is 6994979 a prime number?
False
Is 9542537 prime?
False
Is 11391035 prime?
False
Is 13631581 a composite number?
False
Is 1137503 prime?
True
Is 11342503 a prime number?
True
Is 6377617 a prime number?
True
Is 173725337 a composite number?
False
Is 2128391 composite?
False
Is 2451433 composite?
False
Is 6262189 prime?
False
Is 33733163 a prime number?
True
Is 207121 a composite number?
False
Is 2745241 composite?
True
Is 22501403 composite?
False
Is 799013 a prime number?
False
Is 18352349 prime?
True
Is 59503727 a prime number?
True
Is 54354787 prime?
False
Is 7334189 a composite number?
False
Is 41390141 composite?
True
Is 19882003 a composite number?
False
Is 456071897 composite?
True
Is 46348877 composite?
True
Is 3081007 prime?
True
Is 5221743 a prime number?
False
Is 153419159 a prime number?
True
Is 195034841 a composite number?
False
Is 59546359 prime?
False
Is 3323087 a composite number?
True
Is 1739645 prime?
False
Is 366849277 prime?
False
Is 143700329 a prime number?
True
Is 1075531 a prime number?
True
Is 1209739 prime?
True
Is 2662157 a prime number?
True
Is 7725997 composite?
False
Is 534883 a composite number?
False
Is 495933 composite?
True
Is 4974934 a composite number?
True
Is 2256659 composite?
True
Is 306138367 composite?
False
Is 20838959 prime?
False
Is 16135121 composite?
True
Is 2656499 prime?
True
Is 11161099 prime?
False
Is 4268741 a composite number?
True
Is 78180083 composite?
False
Is 27727465 composite?
True
Is 28590599 a com